 = c**2 + c. Suppose -3*b + 2*z - 15 = z, -4*z = -4*b - 12. What is the remainder when f(b) is divided by 11?
8
Suppose 6*x = 2*x + 152. Let g = 40 + -27. What is the remainder when x is divided by g?
12
Let r(c) = c**2 - 3*c - 2. Let d(b) = 3*b**2 + 4*b + 8. What is the remainder when d(-5) is divided by r(-3)?
15
Suppose 0 = -14*i + 9*i + 130. What is the remainder when 75 is divided by i?
23
Suppose -3*r - 3 = -2*z - 32, -23 = -3*r - 4*z. What is the remainder when r is divided by 1?
0
Let q be 14/(-6) + (-5)/(-15). Calculate the remainder when 49 is divided by 30/(-4)*q + 2.
15
Let z be (-1 - -4)*(-4)/(-6). Calculate the remainder when ((-4)/(-5))/((-18)/(-315)) is divided by (-14)/z*-1 + 1.
6
Suppose 0 = 17*u - 15*u - 132. Let m(q) = -q**2 - 6*q - 4. Let i be m(-4). Calculate the remainder when (2/i)/(1/u) is divided by 17.
16
Let l(o) = o**2 - o - 1. Let b(f) = -f**3 + 3*f**2 + 3*f + 2. Let w be b(-2). Let n be (w/20)/(1/(-5)). Calculate the remainder when l(n) is divided by 10.
9
Let l = 31 - 17. What is the remainder when 37 is divided by l?
9
Suppose 3*z - 4*o = 191, 2 = -4*o + 18. Let n = z - 46. What is the remainder when n is divided by 8?
7
Let m = -22 - -33. Calculate the remainder when m is divided by 6.
5
Let y be (5 - -1)*(3 + -2). Let n = 5 - 4. Calculate the remainder when n is divided by ((-2)/4)/((-3)/y).
0
Suppose 3*z + 5 = -16. Let q(w) = -w**3 - 6*w**2 + 5*w + 7. Calculate the remainder when 60 is divided by q(z).
18
Calculate the remainder when 2/6 - 1568/(-21) is divided by 19.
18
Let q = 30 + -21. Suppose 0 = -0*s - 4*s + 64. What is the remainder when s is divided by q?
7
Let z = 26 - 6. Suppose 180 = 4*l - z. What is the remainder when l is divided by 26?
24
Let g(o) = o**3 + 13*o**2 - 6*o - 19. Calculate the remainder when 174 is divided by g(-13).
56
Suppose -3*f + 19 = -20. Calculate the remainder when (-3)/9 + (-308)/(-6) is divided by f.
12
Let c(v) be the third derivative of -v**4/2 - v**2. Let m = 42 - 20. What is the remainder when m is divided by c(-1)?
10
Suppose 2*u + 3*y = -y + 4, 5*u + 5*y - 30 = 0. What is the remainder when 16 is divided by u?
6
Suppose -17 + 82 = 5*o. Let j(l) = 14*l - 5. Calculate the remainder when j(3) is divided by o.
11
Let l be 1/(-1 - 9/(-6)). Suppose -41 = l*b - 159. Calculate the remainder when b is divided by 15.
14
Suppose -3*i = 385 - 526. Let s = 30 + -14. Calculate the remainder when i is divided by s.
15
Suppose -3*k = -0*k + 3*l + 3, -3*k = 5*l + 13. Calculate the remainder when 39 is divided by k.
3
Calculate the remainder when 23 is divided by 1/(-2*(-3)/48).
7
Suppose 0 = -b - 2*n + 36, 5*b - 219 = -2*n + 5*n. What is the remainder when b is divided by 11?
9
Let z = -39 + 59. Let b be 2/(-8) - (-905)/z. Let r = -32 + b. What is the remainder when 25 is divided by r?
12
Let y be 2 + -2 - (-1 - 7). Let d = 10 + y. Calculate the remainder when 70 is divided by d.
16
Suppose -4*j - 3*l + 189 = 0, -4*j + 4*l - 70 = -294. Calculate the remainder when j is divided by 27.
24
Suppose 3*p + 154 = 5*p. Calculate the remainder when p is divided by 5.
2
Suppose 0 = 8*q - 5*q. Let g = 24 + q. Calculate the remainder when g is divided by 7.
3
Calculate the remainder when -1 + 1/3 + (-334)/(-6) is divided by 19.
17
Suppose 0 = 3*z + 2*s - 43, 0*z - 28 = -2*z - 2*s. What is the remainder when z is divided by 4?
3
Let u = 2 - 2. Let p be (-1 - -1) + (-2 - u). What is the remainder when ((-8)/20)/(p/140) is divided by 15?
13
Suppose -t = 5*c - 25 - 33, 5*t - 290 = -4*c. Let m = 0 - -5. What is the remainder when t is divided by 148/10 - (-1)/m?
13
Let b(z) = z**2 - 3*z + 9. What is the remainder when 22 is divided by b(4)?
9
Let h(f) = f**3 + f**2 - 7*f + 24. Calculate the remainder when h(5) is divided by 35.
34
Let w(d) = d - 5. Let t be w(10). Let z = -6 + t. Let k(a) = 15*a**2 - 2*a - 1. Calculate the remainder when k(z) is divided by 6.
4
Let j(y) be the second derivative of 3*y**4/4 - y**3/6 - 8*y. What is the remainder when 49 is divided by j(-1)?
9
Let g = 7 - -14. Suppose 2*a - 24 = -2*a. Calculate the remainder when g is divided by a.
3
Suppose -2*r + 16 = -5*p, -5*p + 0*p = 3*r - 49. What is the remainder when r is divided by 2?
1
Let k = 0 + 3. Suppose -x + 2 = -k. Calculate the remainder when 27 is divided by x/2*(4 - -2).
12
Let q = 7 + -7. Suppose -2*i + 2 = -x + 11, q = 4*x + 3*i - 36. What is the remainder when x is divided by 3?
0
Let l(i) = 6*i - i**2 - 2*i**2 + 2 + 2*i**2. Let b be l(6). Calculate the remainder when b/7 + (-414)/(-21) is divided by 7.
6
Calculate the remainder when 13 is divided by (-38)/(-9) + (-2)/9.
1
Suppose 0 = 2*n - 4*n + 2*z + 32, -4*n = -2*z - 70. What is the remainder when 75 is divided by n?
18
Suppose l + 69 = 194. Calculate the remainder when l is divided by 32.
29
Suppose -4*n = -8 - 8. Let m = n - -34. Calculate the remainder when m is divided by 13.
12
Suppose 3*q = 5*l + 4*q + 65, 2*l + 3*q = -13. Let t = -5 - l. Let n(y) = 3*y + 7. Calculate the remainder when n(6) is divided by t.
7
Let u(r) = 19*r**3 - 2*r**2 + 2*r - 1. Let p = -5 - -1. Let c(i) = -10*i - 6. Calculate the remainder when c(p) is divided by u(1).
16
Suppose -r = -5*r + 16. Let v = 20 - 7. Calculate the remainder when r is divided by 2/(-1) + v + -9.
0
Let t = 3 + 59. Suppose t = j + j. Let k(g) = 2*g + 1. Calculate the remainder when j is divided by k(5).
9
What is the remainder when (-4)/(5/(780/(-8))) is divided by 20?
18
What is the remainder when 153 is divided by (-1 + 2)/((-8)/(-208))?
23
Let z be -22*((-3)/2 - -1). Let r = 13 - z. What is the remainder when 7 is divided by r?
1
Suppose -8*f = -11*f + 27. Calculate the remainder when 13 is divided by f.
4
Suppose 144 = 4*l - 48. Calculate the remainder when 190 is divided by l.
46
Let d be (2 + (-52)/3)*24. Let y(x) = -x**2 + 8*x + 4. Calculate the remainder when d/(-12) - 2/(-6) is divided by y(6).
15
Let a be (-4)/(-5)*(19 + -14). Calculate the remainder when 40 is divided by 56/(-2)*(-2)/a.
12
Let d = 3 - -14. Let n(p) = -2*p. Let j be n(-1). Suppose g = -l + d, -j*g = 4*l - 4*g - 50. What is the remainder when l is divided by 8?
6
Calculate the remainder when -2*((-3)/(6/(-47)))/(-1) is divided by 10.
7
Let m = 7 - 6. Let s = 5 - m. What is the remainder when 13 is divided by s?
1
Suppose g = 3*x + 36, 0 = 4*x + 4*g - 2*g + 58. Let f = x + 21. What is the remainder when f is divided by 5?
3
Let r be 14/63 - 2941/(-9). Suppose 0 = -x + 4*x - r. Suppose 2*h = -m + 43, 5*h + m + 2*m = x. What is the remainder when h is divided by 11?
9
Calculate the remainder when 7 is divided by (-54)/(-10) + (-6)/15.
2
Calculate the remainder when ((-95)/(-3))/(8/24) is divided by 24.
23
Suppose -21*b + 940 = -b. Let s(y) = -y**3 + 9*y**2 - 10*y - 3. What is the remainder when b is divided by s(7)?
22
Let h(b) = -2*b + 40. Calculate the remainder when 10 is divided by h(17).
4
Suppose 11*u - 56 = 7*u. What is the remainder when 41 is divided by u?
13
Let i(h) = 10*h**2 + 11*h + 2. Calculate the remainder when 37 is divided by i(-2).
17
Let k(z) = -5*z**3 + z**2 - z + 1. Let s be k(1). What is the remainder when ((-5)/(-3))/((-1)/(-3)) is divided by (6/s)/((-3)/4)?
1
Let l(f) = -f + 38. Calculate the remainder when l(-19) is divided by 10.
7
Calculate the remainder when 1172/28 - (-2)/14 is divided by 22.
20
Let w = 1 - -22. Calculate the remainder when w is divided by 8.
7
Let u be 1 + 1 - (17 - 8). Suppose g = -2 - 11. Let w = u - g. What is the remainder when 16 is divided by w?
4
Let j(d) = d**3 + 10*d**2 + 13*d + 3. Let z = -8 - -15. Calculate the remainder when j(-8) is divided by z.
6
Let w(y) = -y**3 - 5*y**2 - 4*y - 2. Let c be w(-4). Let d be c/(-2)*(-3)/1. What is the remainder when ((-6)/(-2))/d*-10 is divided by 6?
4
Calculate the remainder when 43 is divided by (-12)/8*-16 + -1.
20
Let t be 86/7 + 4/(-14). Suppose 0 = -n + 4*n - t, -y - n + 14 = 0. Calculate the remainder when (-175)/(-10) - 3/(-2) is divided by y.
9
Suppose 6*d - 3*d = -3. Let m be (2 + 1)*d/3. What is the remainder when m + (2 + -25)*-1 is divided by 8?
6
Suppose 3*p - 6 = -18, -5*l = -4*p - 121. What is the remainder when l is divided by 13?
8
Let l(x) = -x**3 + 3*x**2 + 5*x. Let p = -11 - -16. Calculate the remainder when p is divid